s**2 + 30*s + 102. What is u(-22)?
-74
Let z(l) = l**2 - 15*l + 31. Give z(8).
-25
Let y(w) = 3*w**2 + 471*w + 12262. Calculate y(-33).
-14
Let c(j) = 4*j**2 + 13*j + 7. Calculate c(-6).
73
Let w(l) = l**3 - 17*l**2 - 64*l + 53. Calculate w(20).
-27
Let z(m) = -2*m**2 + 66*m + 916. Calculate z(43).
56
Let k(u) = u**2 - 60*u + 1030. Calculate k(24).
166
Let r(a) = -253*a - 2020. Calculate r(-8).
4
Let x(p) = 153*p + 98. Calculate x(-1).
-55
Let t(j) = -331*j - 358. Give t(-2).
304
Let t(b) = -b**2 - 48*b + 21. Determine t(-47).
68
Let a(h) = -4*h**3 - 9*h**2 - 6*h - 15. Calculate a(-4).
121
Let q(z) = 56*z + 83. What is q(-5)?
-197
Let g(w) = 2*w**2 + 185*w + 544. Give g(-3).
7
Let l(b) = 2061*b - 6191. Determine l(3).
-8
Let t(k) = -4*k**2 + 232*k - 304. Calculate t(56).
144
Let j(h) = -13*h**2 + 3. Determine j(2).
-49
Let b(f) = 65*f - 34. Give b(0).
-34
Let c(w) = 2*w**2 - 379*w + 2899. Determine c(8).
-5
Let p(o) = o**2 - 55*o - 7293. Give p(117).
-39
Let v(l) = l**3 - 23*l**2 + 5*l - 121. Determine v(23).
-6
Let x(r) = -69*r + 12. Give x(6).
-402
Let r(x) = -15*x**2 + 2*x - 7. What is r(-2)?
-71
Let c(x) = -2*x**2 - 91*x + 53. Determine c(-46).
7
Let t(d) = -d**3 + 3*d**2 - 9*d - 10. Calculate t(-1).
3
Let n(a) = a**2 - 49*a - 43. Determine n(0).
-43
Let p(d) = 40*d**2 + 10*d - 9. Calculate p(1).
41
Let z(k) = -69*k**2 - 1447*k + 25. Give z(-21).
-17
Let i(p) = 2*p**2 - 178*p - 164. Give i(90).
16
Let s(q) = q**3 - 12*q**2 + 16*q - 32. What is s(11)?
23
Let a(r) = -2*r**2 + 17*r - 48. Give a(10).
-78
Let a(q) = -708*q + 714. What is a(1)?
6
Let w(h) = 9*h**2 + 95*h + 73. What is w(-10)?
23
Let t(p) = -2*p**2 + 86*p - 83. Calculate t(42).
1
Let p(z) = -398*z + 27444. What is p(69)?
-18
Let j(h) = 2*h**2 + 77*h + 90. Give j(-36).
-90
Let s(x) = 250*x + 383. What is s(0)?
383
Let w(h) = -h**3 - 39*h**2 - 10*h + 55. Calculate w(-39).
445
Let d(n) = -2*n**3 + 12*n**2 - 40*n + 7. Calculate d(0).
7
Let d(g) = -g**3 - g**2 - 6*g + 30. Calculate d(3).
-24
Let j(y) = -y**2 - 61*y + 566. Give j(-46).
1256
Let v(m) = m**2 - 9*m - 25. Determine v(-5).
45
Let x(o) = 5*o**3 - 3*o**2 - 10*o + 14. Calculate x(1).
6
Let u(z) = z**3 - 504*z**2 - 2031*z + 6. Give u(-4).
2
Let k(o) = 51*o - 161. What is k(2)?
-59
Let q(v) = v**3 - 5*v**2 - 15*v + 38. Determine q(6).
-16
Let y(k) = -k**2 - 34*k - 45. What is y(-27)?
144
Let d(r) = 11*r**2 - 111*r + 675. Give d(6).
405
Let g(v) = -297*v - 24356. Calculate g(-82).
-2
Let c(y) = -24*y**2 + 159*y + 410. Calculate c(-2).
-4
Let t(b) = 79*b - 399. Determine t(5).
-4
Let a(t) = 248*t**2 - 10415*t - 47. What is a(42)?
-5
Let m(g) = -140*g + 414. What is m(3)?
-6
Let h(t) = -413*t + 3715. Determine h(9).
-2
Let w(b) = 27*b**2 - 153*b + 2. Calculate w(7).
254
Let i(q) = 10595*q + 63575. Give i(-6).
5
Let p(s) = -3*s**2 - 46*s - 303. Determine p(-7).
-128
Let l(n) = n**2 - 31*n + 206. Give l(12).
-22
Let i(u) = -u**2 - 5374*u - 75036. Determine i(-14).
4
Let a(x) = -x**3 + 9*x**2 + 89*x - 466. Determine a(13).
15
Let x(q) = q**3 - 11*q**2 - 22*q + 313. Calculate x(10).
-7
Let f(z) = -71*z - 3628. Give f(-51).
-7
Let m(g) = -2*g**3 - 72*g**2 - 168*g - 1055. Determine m(-34).
33
Let i(n) = 25*n + 483. Give i(40).
1483
Let w(t) = 3*t**3 + 8*t**2 + 19*t + 26. What is w(-4)?
-114
Let q(u) = 2*u**3 + 13*u**2 - 31*u + 157. Determine q(-9).
31
Let i(d) = d**3 - 29*d**2 + 65*d + 8. Calculate i(25).
-867
Let i(y) = -52*y - 571. Determine i(-9).
-103
Let n(d) = 3*d**3 - 24*d**2 + 20. Give n(8).
20
Let x(b) = -806*b - 19355. What is x(-24)?
-11
Let s(l) = -2*l**3 + 97*l**2 - 141*l + 26. What is s(47)?
26
Let s(g) = -g**3 + 9*g**2 + 2*g + 68. Calculate s(9).
86
Let b(s) = s**3 + 9*s**2 - 31*s + 2. Calculate b(3).
17
Let h(t) = 9*t**2 - 597*t - 398. What is h(67)?
4
Let a(n) = 1222*n - 4882. What is a(4)?
6
Let v(q) = -618*q + 4326. Calculate v(7).
0
Let t(p) = 3*p**2 - 308*p - 737. What is t(105)?
-2
Let k(b) = -6*b - 30. What is k(-9)?
24
Let f(s) = -3*s**3 + 81*s - 375. Give f(5).
-345
Let w(p) = -4*p**3 - 118*p**2 + 55*p - 260. Determine w(-30).
-110
Let x(k) = -37*k - 1547. What is x(-47)?
192
Let a(w) = -207*w + 181. Calculate a(0).
181
Let l(f) = 16*f**2 + 185*f + 344. Calculate l(-10).
94
Let f(w) = 119*w - 308. What is f(3)?
49
Let x(d) = -183*d - 1903. Give x(-11).
110
Let s(b) = -2*b**2 + 36*b + 307. What is s(24)?
19
Let o(p) = -2*p**2 - 49*p - 228. What is o(-22)?
-118
Let u(l) = l**3 - 7*l**2 - 13*l - 12. Give u(7).
-103
Let q(g) = -3*g**2 + 10*g - 78. Calculate q(0).
-78
Let z(p) = -p**3 + 102*p**2 - 751*p - 104. Determine z(94).
-10
Let t(p) = p**3 + 54*p**2 + 116*p - 102. Give t(-52).
-726
Let t(k) = -2*k**3 + 33*k**2 - 21*k + 59. Determine t(16).
-21
Let u(t) = 22*t + 2413. Determine u(-109).
15
Let u(l) = l**3 - 10*l**2 - 49*l + 7. Determine u(13).
-123
Let b(p) = -67*p + 510. Give b(8).
-26
Let b(o) = -o**2 + 69*o + 374. Give b(-5).
4
Let i(f) = f**3 + 20*f**2 + 36*f + 723. Calculate i(-20).
3
Let b(a) = -2*a**2 - 40*a + 20. Give b(-19).
58
Let y(s) = 31*s - 196. Determine y(6).
-10
Let n(u) = u**2 + 35*u - 437. Calculate n(0).
-437
Let s(z) = -722*z + 5108. What is s(7)?
54
Let i(g) = -27*g + 518. Calculate i(24).
-130
Let i(d) = -352*d + 3209. Give i(9).
41
Let w(y) = 629*y + 32069. Determine w(-51).
-10
Let x(o) = -2*o**2 - 28*o - 55. Give x(-11).
11
Let f(o) = -o**3 + 33*o**2 + 81*o + 952. Give f(36).
-20
Let m(u) = -u**3 + 10*u**2 + u - 64. What is m(12)?
-340
Let z(p) = -109*p + 1656. Determine z(15).
21
Let b(w) = -3*w - 66. Determine b(7).
-87
Let f(b) = -2*b**2 - 45*b + 792. Give f(-34).
10
Let h(n) = -n**3 - 18*n**2 - 89*n - 119. Determine h(-11).
13
Let j(y) = 17*y**2 - 125*y + 237. What is j(4)?
9
Let d(q) = -5*q**2 + 455*q + 884. What is d(93)?
-46
Let s(d) = 53*d + 1274. What is s(-28)?
-210
Let n(l) = -l**3 - 21*l**2 + 52*l + 94. Give n(-23).
-44
Let j(s) = -165*s**2 + 199*s - 18. Determine j(1).
16
Let g(l) = -l**3 - 44*l**2 - 45*l + 81. Calculate g(-43).
167
Let t(h) = h**3 - 2*h**2 - 2*h + 12. What is t(0)?
12
Let l(o) = 2*o**2 + 1181*o - 5914. Calculate l(5).
41
Let r(p) = 2195*p - 10980. Give r(5).
-5
Let a(o) = 4*o - 74. Determine a(26).
30
Let d(t) = -2*t**3 + 70*t**2 + 228*t. Give d(38).
0
Let u(k) = -k**2 - 10*k + 159. Determine u(-19).
-12
Let z(n) = -3722*n + 70717. Give z(19).
-1
Let h(s) = 2*s**3 - 7*s**2 + 254*s - 1704. What is h(6)?
0
Let s(h) = 78*h - 89. Determine s(2).
67
Let c(n) = 32*n + 17. Give c(-5).
-143
Let l(d) = 3*d**3 + 144*d**2 + 138*d - 250. Determine l(-47).
-109
Let b(d) = d**2 - 63*d + 243. Give b(11).
-329
Let b(s) = s**3 + 260*s**2 + 1013*s - 2836. Calculate b(-256).
-20
Let q(d) = -4*d**2 - 237*d - 47. Give q(-59).
12
Let l(n) = 121*n + 24691. What is l(-204)?
7
Let g(j) = -628*j + 38299. Give g(61).
-9
Let n(u) = -7*u**2 + 386*u + 97. Calculate n(55).
152
Let o(n) = -19*n + 137. Determine o(9).
-34
Let l(u) = -u**3 - 36*u**2 + 461*u - 1. Determine l(10).
9
Let i(p) = -p**2 - 269*p + 817. What is i(3)?
1
Let k(x) = 3*x**3 - 14*x**2 + 28*x - 81. Determine k(4).
-1
Let h(n) = 3*n**3 + 20*n**2 - 348*n + 433. Give h(-15).
28
Let d(z) = 2*z**3 - 3*z**2 - 50*z - 5. What is d(-5)?
-80
Let k(t) = t**3 - 49*t**2 + 581*t - 30. What is k(29)?
-1
Let d(l) = -6*l + 105. What is d(22)?
-27
Let u(g) = -g**3 - 17*g**2 - 7*g - 104. Calculate u(-17).
15
Let j(n) = 2*n**2 - 320*n + 2724. Determine j(151).
6
Let q(s) = s**3 - 163*s**2 + 483*s - 492. Give q(160).
-12
Let x(g) = 345*g + 8977. Calculate x(-26).
7
Let i(c) = -c**3 + 43*c**2 - 322*c - 294. Calculate i(33).
-30
Let b(s) = -450*s**2 + 84*s - 2. What is b(1)?
-368
Let k(d) = 456*d - 265. Calculate k(1).
191
Let b(f) = f**3 - 11*f**2 + 10*f - 8. Give b(9).
-80
Let r(q) = 2*q**2 - 57*q + 399. What is r(18)?
21
Let r(d) = -d**3 + 13*d**2 - 50*d + 192. What is r(10)?
-8
Let k(j) = 364*j - 132860. Give k(365).
0
Let d(m) = -3*m**3 + 147*m**2 - 610*m + 14. Give d(4).
-266
Let l(g) = -g**3 - 19*g**2 - 68*g + 205. Calculate l(-13).
75
Let t(f) = -64*f**3 - 1223*f**2 - 135*f - 35. Calculate t(-19).
3
Let n(i) = 2*i**3 + 25*i**2 - 8*i + 50. Calculate n(-13).
-15
Let d(q) = 11*q**2 - 131*q - 617. Determine d(-5).
313
Let y(j) = -j**3 + 15*j**2 - 36*j + 82. Determine y(13).
-48
Let i(b) = 65*b - 405. What is i(7)?
50
Let o(g) = 2*g**